base 12, what is -583ab4 + 20?
-583a94
In base 9, what is 20 - -111706?
111726
In base 11, what is 3a15648 + 1?
3a15649
In base 13, what is 180 - -3ba3a?
3bbba
In base 10, what is -2318108 + -6?
-2318114
In base 13, what is -9 + -b589?
-b595
In base 2, what is -101000000011111010001111 + 101?
-101000000011111010001010
In base 4, what is 103312100030 + 12?
103312100102
In base 5, what is -3131 + -1021?
-4202
In base 6, what is -5 - 3231511514?
-3231511523
In base 5, what is -212421 + -12?
-212433
In base 15, what is -151 - -5063?
4e12
In base 15, what is 3 + 35263b2?
35263b5
In base 14, what is -37c50c1 - 2?
-37c50c3
In base 7, what is -4 - -35555303?
35555266
In base 7, what is -430 + 6636?
6206
In base 11, what is 4955 - 7a19?
-3074
In base 15, what is d - e2a9a0?
-e2a992
In base 6, what is 20414050 + -15?
20414031
In base 13, what is -114b735a - -2?
-114b7358
In base 5, what is 3120013 - -4410?
3124423
In base 14, what is 94c713 - 14?
94c6dd
In base 8, what is -533 + 43444?
42711
In base 3, what is -11221100120 - -101001?
-11220222112
In base 8, what is -235223 + -110?
-235333
In base 4, what is 1032 + 1101331313?
1101333011
In base 7, what is 40015163 + -13?
40015150
In base 5, what is 4131 - -2004422?
2014103
In base 3, what is -1002002220211120 - 101?
-1002002220211221
In base 5, what is -2003113401 + -4?
-2003113410
In base 7, what is 243033 - 553?
242150
In base 16, what is -8ff + -b2?
-9b1
In base 15, what is 321d3 + -20d1?
30102
In base 10, what is -1 + 15898846?
15898845
In base 16, what is c + 488fb?
48907
In base 2, what is -10111001010 - 1110111000?
-100110000010
In base 15, what is 268dacd - -c?
268dada
In base 4, what is 100 - 2202012000232?
-2202012000132
In base 16, what is a398969 - 0?
a398969
In base 13, what is 1 - -b4a007?
b4a008
In base 2, what is 111110011111101011011001001 - 101?
111110011111101011011000100
In base 2, what is 11011 + -101001000001011011?
-101001000001000000
In base 4, what is 1010312 + 102132303?
103203221
In base 7, what is -31155011 + -15?
-31155026
In base 7, what is -4110662 - 11?
-4111003
In base 7, what is -1234300 + 453?
-1233514
In base 11, what is -4 + 37761285?
37761281
In base 15, what is 31 + 37ee?
3830
In base 15, what is -17 + -2426a?
-24282
In base 2, what is 1001110001011000 - -111101011?
1001111001000011
In base 8, what is -3345 + -344764?
-350331
In base 10, what is 506 - 45223?
-44717
In base 6, what is -2 - -32310143?
32310141
In base 9, what is 1364128 + -1623?
1362405
In base 2, what is 110101000001111110100111 + 100?
110101000001111110101011
In base 7, what is -1364042432 + -4?
-1364042436
In base 5, what is 3210322 - -14320?
3230142
In base 13, what is 228 - 57000?
-56aa5
In base 9, what is 53242 + 43556?
106808
In base 16, what is 3b5c - -19?
3b75
In base 16, what is 4 - -3bb959?
3bb95d
In base 4, what is -101232 - -110331202?
110223310
In base 16, what is -3 - -6c744d?
6c744a
In base 2, what is 1101001010 - 100100001000?
-10110111110
In base 9, what is -4 - -58107083?
58107078
In base 6, what is 31301 - -12224?
43525
In base 4, what is -132 + -331120302?
-331121100
In base 2, what is -10000110101001011001000100 + 1110?
-10000110101001011000110110
In base 15, what is 21 - -12cb2?
12cd3
In base 14, what is -27b - 17896?
-17b33
In base 8, what is -40050306 + 16?
-40050270
In base 9, what is -2378004 - 67?
-2378072
In base 13, what is -406cc537 - 0?
-406cc537
In base 14, what is b8 - 73897?
-737bd
In base 2, what is 111110101111010111100011 + -1?
111110101111010111100010
In base 12, what is -11 - 270614?
-270625
In base 13, what is -2835007 - -25?
-2834cb2
In base 14, what is 2240dcb + 1?
2240dcc
In base 10, what is 200936937 - -1?
200936938
In base 2, what is -1000101110001100001 + -111?
-1000101110001101000
In base 2, what is 101 - -11011010100000101111111?
11011010100000110000100
In base 11, what is -3 + 427432?
42742a
In base 14, what is dc3 - -403?
13c6
In base 5, what is -113200 + 20003?
-43142
In base 6, what is -1325 - -1010440?
1005111
In base 12, what is 98 + -1407?
-132b
In base 12, what is -5 + -870a01?
-870a06
In base 16, what is -462a - a7a?
-50a4
In base 16, what is 142ba998 - 1?
142ba997
In base 11, what is -417a59240 + 0?
-417a59240
In base 15, what is 3 - d2cb?
-d2c8
In base 3, what is 112 - 2100220122?
-2100220010
In base 7, what is -355 - -46230?
45542
In base 9, what is 7847834 - 17?
7847816
In base 9, what is 75 - 10163561?
-10163475
In base 5, what is -121101400143 - 2?
-121101400200
In base 7, what is 2435 - -114412?
120150
In base 14, what is b2b17a + -35?
b2b145
In base 12, what is 1016b + 192?
10341
In base 9, what is -171 + 354416?
354235
In base 10, what is 141162679 - 4?
141162675
In base 3, what is -1222112122202022 + 21?
-1222112122202001
In base 8, what is 7017 - 42460?
-33441
In base 5, what is 13041314 + -13133?
13023131
In base 6, what is 11544013555 - -3?
11544014002
In base 16, what is -4 + -b1e15e9?
-b1e15ed
In base 6, what is -4322015 - -102?
-4321513
In base 2, what is 1011111011110010100111111 - -11?
1011111011110010101000010
In base 15, what is -28221 - -1bc?
-28054
In base 13, what is -2aa + 2275a?
22480
In base 6, what is -1140 + -3514121?
-3515301
In base 10, what is 3 - -5128560?
5128563
In base 6, what is -1202503 - 10051?
-1212554
In base 11, what is -27a4 + -10063?
-12857
In base 7, what is -1265111023 - 2?
-1265111025
In base 5, what is -421142 + 32110?
-334032
In base 16, what is -69466d7 - 3?
-69466da
In base 14, what is -57 - 54d6?
-554d
In base 11, what is 10512 - 1762?
9860
In base 15, what is 0 + 10d098?
10d098
In base 15, what is 26d + -1801?
-1583
In base 12, what is -1b + 685b82b?
685b810
In base 3, what is -10121001002 - 2100022?
-10200101101
In base 4, what is -21033323300 - 21?
-21033323321
In base 10, what is 611377013 - -1?
611377014
In base 8, what is -5 + 140217711?
140217704
In base 15, what is 119c9 + 196a?
13444
In base 9, what is -57 + 33713?
33645
In base 10, what is -26 - 39834688?
-39834714
In base 2, what is 10 - -10101111110111111001?
10101111110111111011
In base 6, what is -114222233 - 11?
-114222244
In base 13, what is 231 + 1a6c?
1ca0
In base 10, what is -2 - -18499039?
18499037
In base 12, what is -2 - 70a84868?
-70a8486a
In base 15, what is -25 + c7401?
c73cb
In base 4, what is 0 + -1222320221221?
-1222320221221
In base 2, what is 1100100111011001000110101110 + -110?
1100100111011001000110101000
In base 15, what is 12c + -7d8?
-6ab
In base 2, what is 111 - -101111111001100110100?
101111111001100111011
In base 9, what is -855545 + -280?
-855835
In base 14, what is 1 - 3c8284?
-3c8283
In base 6, what is -4 + 3014043522?
3014043514
In base 7, what is 3 + -53353530?
-53353524
In base 14, what is -34797c + -6?
-347984
In base 10, what is -14841333 - 14?
-14841347
In base 2, what is 101111010100011000011 - -100100?
101111010100011100111
In base 4, what is -121001001 - -12301?
-120322100
In base 14, what is -3caa + -9b?
-3d67
In base 15, what is -116 + -360e?
-3725
In base 16, what is -2065fa0e + 2?
-2065fa0c
In base 8, what is 13221 - -2635?
16056
In base 3, what is 100 + -1222200222111112?
-1222200222111012
In base 13, what is 82c7870 + -5?
82c7868
In base 10, what is -15 + 14471933?
14471918
In base 12, what is 5 + 6b28958b?
6b289594
In base 14, what is 796d + 4a?
79b9
In base 7, what is 12341406 - 1654?
12336422
In base 10, what is -119216000 + -9?
-119216009
In base 13, what is -1aa824 + 242?
-1aa5b2
In base 11, what is 38a43 + 222?
39165
In base 14, what is 26daa + -19c?
26c0c
In base 2, what is -1100001010010010010110100101 - 101?
-1100001010010010010110101010
In base 5, what is -43032442 + -304?
-43033301
In base 15, what is 2e + 12cad?
12cdc
In base 4, what is -2100300223 + 2?
-2100300221
In base 16, what is -12c - 11fda8?
-11fed4
In base 4, what is 102 + -103333212?
-103333110
In base 8, what is -156 + -601200?
-601356
In base 10, what is 12 - 1134044?
-1134032
In base 10, what is 88 + -61692?
-61604
In base 5, what is 13132 + -1443404?
-1430222
In base 16, what is -3b947bd + -2?
-3b947bf
In base 16, what is 1316 - -92?
13a8
In base 5, what is 23032324330 - -13?
23032324343
In base 8, what is 775 + 137510?
140505
In base 8, what is -336742147 + 4?
-336742143
In base 4, what is 2220 + 120210002?